85)*(-65)/v is divided by 22?
17
Suppose 3*j - 512 = -29*j. Let v(c) = c**2 - 4*c - 2. Calculate the remainder when v(12) is divided by j.
14
Suppose -2*a = 2*n + 3*n - 106, -42 = -a + 3*n. Suppose 6*c - 15 = c. Suppose 37 + 14 = c*o. What is the remainder when a is divided by o?
14
Suppose -2*c = -7 - 5. Let p(v) = v**2 - 7*v + 9. Calculate the remainder when 6 is divided by p(c).
0
Suppose 3*j = 5*q - 338, 19*j = -2*q + 24*j + 120. Calculate the remainder when q is divided by 23.
1
Suppose -o + 4*o = 3*g + 24, g = 2*o - 13. Suppose -2*t + o*t - z = 79, 3*z = 4*t - 107. Calculate the remainder when 128 is divided by t.
24
Suppose 4*b + 4*v = 2*v + 1960, 4*b - 5*v - 1960 = 0. What is the remainder when b is divided by 82?
80
Suppose 0 = -7*v + 6*v + 11. Let k(u) = u**2 - 13*u - 11. Suppose -5*j + 90 = 5*b, -4*b + 9*b + 50 = 5*j. Calculate the remainder when v is divided by k(j).
2
Suppose -3*h = 4*m - 635, -3*h + 619 = -4*m - 0*m. What is the remainder when h is divided by 22?
11
Suppose 4*h + 46*y - 1006 = 44*y, -h + 5*y = -279. What is the remainder when h is divided by 44?
34
Let g = 1593 + -1494. What is the remainder when 591 is divided by g?
96
Let a(d) = 36*d + 21. What is the remainder when a(2) is divided by 12?
9
Calculate the remainder when 109 is divided by 21/2*(-448)/(-168).
25
Suppose -50 = -2*w + 2*g, -3*w + 15 = 2*g - 35. Calculate the remainder when 19 is divided by (1 - 0) + w/8*4.
8
Suppose d = -5*k - 10 + 7, 3*d - 45 = 3*k. Calculate the remainder when 58 is divided by d.
10
Suppose -2*o - 3*q = -42, 7*q = o + 8*q - 21. Calculate the remainder when 72 is divided by o.
9
Let m be (0 - -1) + 0 + (-36)/(-12). Suppose -27 = -3*g + 2*l + 1, -2*g + 24 = -m*l. Calculate the remainder when 13 is divided by g.
5
Let q be (-2604)/(-30)*10/4. Suppose -w + 5*w + q = 5*a, -2*a + w = -85. What is the remainder when a is divided by 14?
13
Let d = 3 + 51. Calculate the remainder when d is divided by 160/15 + (-1)/(-6 + 3).
10
Suppose 0 = -6*n + 10*n. Suppose 2*z - 70 + 48 = n. What is the remainder when 39 is divided by z?
6
What is the remainder when 359 is divided by (112/84)/(4/57)?
17
Let k be (-386)/(-6) + (-4)/(-6). What is the remainder when 1420/k + 4/26 is divided by 6?
4
Suppose -4*n - 5*q = -55 - 20, -4*q - 64 = -3*n. Calculate the remainder when 918 is divided by n.
18
Let y = 2 - 0. Let l be (-104)/10*(-30)/12. Suppose -l = -y*h + 24. What is the remainder when h is divided by 14?
11
Let g(o) = -4*o**3 - 6*o**2 + 8*o + 22. Suppose -5*u - 28 = -4*k + 3*k, 0 = -k - 5*u - 12. Calculate the remainder when g(-2) is divided by k.
6
Suppose 5*l = -3*z + 4, -z - 8 = l - 4*l. Suppose 5*r = l*y + 55, 4*y = 3*r - 16 - 3. Calculate the remainder when r is divided by 2.
1
Let k = 593 - 567. What is the remainder when 101 is divided by k?
23
Let u = 17 + -12. Suppose -u*p = 5*r - 108 + 8, -4*r = -5*p + 100. Let x(b) = 21*b - 5. Calculate the remainder when x(4) is divided by p.
19
Suppose 5*g = 5*x + 350, -3*g - 100 = x + 2*g. Let q = 53 + x. Let u = -16 - q. Calculate the remainder when 8 is divided by u.
2
Let z = 275 + -154. Suppose -4*c = k - 40 - 22, 2*k + 5*c = z. What is the remainder when k is divided by 20?
18
What is the remainder when 117/(-6)*1334/(-69) is divided by 20?
17
Let y(l) = -1 + 9 + 7*l - 3 + 2. Let s = -15 - -28. What is the remainder when y(6) is divided by s?
10
Calculate the remainder when 3/(12/(-74))*-2 is divided by 20 - (-3 - 7/(35/(-10))).
16
Suppose -97 = 9*w - 11*w + 5*p, 3 = 3*p. Let r(o) = -o**3 - 3*o**2 - 3*o + 4. Calculate the remainder when w is divided by r(-3).
12
Suppose 0*j + 2*j + 3*p = 61, -4*p = 12. Calculate the remainder when 64 is divided by j.
29
Let c = 94 - 140. Let u = 71 + c. Calculate the remainder when 48 is divided by u.
23
Let s(k) = -5*k**3 - 3*k**2 - 6*k - 10. What is the remainder when 176 is divided by s(-2)?
26
Let t(i) = 3*i - 3*i**2 - 11*i**3 - 7 + 11*i**3 - i**3. Calculate the remainder when t(-5) is divided by 11.
6
Suppose -6 = -4*n + 2*n. Suppose -37 = -2*r + 5*a, -8*a = -n*a + 15. What is the remainder when 31 is divided by 6/(-33) + 90/r?
7
Let z be 20/(-15) + 44/6. Suppose -14 = -z*k + 5*k. Calculate the remainder when 96 is divided by k.
12
Let o = 83 + -10. What is the remainder when o is divided by 25?
23
Calculate the remainder when 227 is divided by 1 + 50 + (2 - 6).
39
Suppose -d - 5 = 4*w, -2*d + 1 - 2 = 5*w. Suppose 4*v - 1 = -3*o, 3*v + 18 = 12*o - 8*o. Suppose 7 = z + o. Calculate the remainder when d is divided by z.
3
Let w(o) = 4*o**3 - 39*o**2 - 4*o - 25. Calculate the remainder when w(10) is divided by 5.
0
Let j(t) = -t**3 - 5*t**2 + 4*t + 12. Let y be j(-6). Let b = y - 5. Calculate the remainder when 55 is divided by b.
17
Suppose 212 = 4*u + 100. Calculate the remainder when 163 is divided by u.
23
Let q = -5 - -27. Let w = -66 + 100. What is the remainder when w is divided by q?
12
Suppose 3*a + a - 44 = 0. Suppose -16*f + 197 = -139. Calculate the remainder when f is divided by a.
10
Let p be 1/3 - ((-444)/18 + -5). What is the remainder when 21 is divided by p/(-9)*36/(-10)?
9
Suppose r - 76 + 11 = 0. Let p = -97 + r. Let s = -16 - p. What is the remainder when 45 is divided by s?
13
Let b(s) = 2*s**2 + 8*s + 2. Let i be b(-15). Suppose -4*g = 4*k - i, g - 5*k = 25 + 88. What is the remainder when g is divided by 30?
28
Let g = 3 - 0. Suppose -3*c = -0*r - 2*r - 1, -3*r = -2*c - 6. Suppose 8*a - c*a = 50. Calculate the remainder when a is divided by g.
1
Let m(i) = i**3 - 11*i**2 - 18*i + 8. Let t be m(13). Suppose 4*p - t = -0*p. Let f = -16 + p. Calculate the remainder when 19 is divided by f.
7
Let h = -695 - -721. Suppose z + z - 196 = 0. Calculate the remainder when z is divided by h.
20
Let w = -218 - -257. Calculate the remainder when w is divided by 12.
3
Suppose -3*h + 1774 = -4*i, -2*h - 4*i + 775 = -421. Suppose -6*g + 306 + h = 0. What is the remainder when g is divided by 31?
26
Let v = 550 - 298. Calculate the remainder when v is divided by 11.
10
Let h = 594 + -90. What is the remainder when h is divided by 39?
36
Suppose 87 + 313 = 2*q. Calculate the remainder when q is divided by 53.
41
Suppose -k - 3*k = -4*o - 16, -12 = -3*k - 5*o. Suppose -k*n - 40 = 60. Let l = 38 + n. Calculate the remainder when 25 is divided by l.
12
Suppose 511 = 8*u - 289. Calculate the remainder when u is divided by 46.
8
Suppose 602 = 19*a + 203. Calculate the remainder when 1908 is divided by a.
18
Let k = 276 - -113. Calculate the remainder when k is divided by 78.
77
Suppose 0 = 4*f - 8, 5*d - 3*f = -9 + 38. Suppose -2*l - 2*a + 60 = 0, 0 = -3*a + 5*a + 10. Calculate the remainder when 1204/l + (-2)/5 is divided by d.
6
Let d = -8 - -14. What is the remainder when (-7 + -1)/(-1)*2 is divided by d?
4
Let j(k) = -k**2 - 14*k + 126. Calculate the remainder when j(-17) is divided by 17.
7
Suppose -3*y - 8 = f, 0*f + 4*f = y + 33. Let q = -58 - -29. Let r = q - -41. Calculate the remainder when r is divided by f.
5
Suppose -24 = 7*u - 3*u. Let a(p) = -p**2 - 8*p - 4. Suppose -4*i + 72 = -52. What is the remainder when i is divided by a(u)?
7
Let n = -42 + 42. Suppose -4*q - 4*b = -12, 3*q = b - n*b + 21. Calculate the remainder when 9 is divided by q.
3
Suppose -25 = 6*j - 109. Suppose -4*x + 0*a - a = -77, -x + 5*a + j = 0. Let p(i) = -3*i - 5. What is the remainder when x is divided by p(-4)?
5
Let o(i) = -2*i. Let u(x) = x. Let b(r) = -2*o(r) - 22*u(r). Let q be b(-1). Let h = 48 - q. What is the remainder when h is divided by 11?
8
Let h(l) = -25*l + 13. What is the remainder when h(-1) is divided by 8?
6
Suppose -2*f + 5 = 4*k + 1, -5*f = 5*k - 10. Let h be 18/4*(2 + k). Suppose 5*q = -r - 14, -r - h = -0*r + 4*q. What is the remainder when 20 is divided by r?
9
Suppose -244*b = -248*b + 132. What is the remainder when 48 is divided by b?
15
Let d = 115 - 95. Calculate the remainder when 35 is divided by d.
15
Suppose 0 = 3*y + 5*s - 310, -5*y - s = -10*y + 470. Calculate the remainder when y is divided by 48.
47
Let m(t) = 2*t + 25. Let o(v) = 7*v + 74. Let w(x) = 17*m(x) - 6*o(x). Let c = 17 - -8. What is the remainder when c is divided by w(-4)?
12
Let j = 8 + -5. Let a(t) = -j*t + 1 + 5*t + 0*t. Calculate the remainder when 42 is divided by 